 = -112*q + 23. Let w(a) = -6*n(a) + 7*o(a). List the prime factors of w(-6).
5, 139
Suppose -62*a + 313919 = -3517 - 211362. What are the prime factors of a?
3, 2843
Let g = 13 - 13. List the prime factors of (g - -245) + -4 + 10.
251
Suppose n + 8 = 3*f - 0*f, -3*f + 68 = -4*n. Let s be n*((-35)/25 + 1). What are the prime factors of -1 - (s/(-2) + -81)?
2, 3, 7
Let t(c) = 261*c - 909. List the prime factors of t(69).
2, 3, 5, 19
Let x(v) = -2672*v + 3045. What are the prime factors of x(-23)?
53, 1217
Let v be 276/14 - 18/(-63). Let h be v/6 + 2/(-6). Suppose -3*j = h*j - 450. List the prime factors of j.
3, 5
Let s = -96657 + 138025. List the prime factors of s.
2, 5171
Suppose 5*o + 16 - 61 = 0. Suppose 0 = 5*c - o*c + 8. Suppose 0 = c*r - 125 - 37. What are the prime factors of r?
3
Let g(d) = 86*d**3 - 11*d**2 + 8*d + 3. Let n(q) = -2*q**2 + q + 1. Let l(x) = g(x) - 5*n(x). List the prime factors of l(2).
2, 43
Suppose -l + 128 = 2*b, -8*l + 3*l = b - 46. Suppose 4*n + 54 = b. Suppose -x = n*x - 680. What are the prime factors of x?
2, 5, 17
Suppose 4*h = 2*k - 0 - 6, 0 = 4*h. Suppose -n - 1100 = -c + 3*n, n = -k*c + 3261. What are the prime factors of c?
2, 17
Let q be (2 + -2)/(-2) - -4. Let m be 58/18 + q/(-18). Suppose 0*s - m = 3*s, 3*h + 2*s - 10 = 0. List the prime factors of h.
2
Let l = 100 - 94. Suppose 5*o - 5*x = 2470, o + 4*x - 492 = l*x. What are the prime factors of o?
2, 31
Suppose -3*q + 13 + 5 = 0. Suppose q*a - 114 = 4*a. What are the prime factors of ((-21)/(-12) - 6/8) + a?
2, 29
Suppose 3*j - 6*s - 57357 - 7344 = 0, -j = 3*s - 21532. What are the prime factors of j?
7, 3079
Suppose 0 = -i, 4*k = -2*i + i + 12. Suppose -6 = k*o - 12. Suppose o*q = 5*b - 515, -2*b + 389 = 2*b + 3*q. List the prime factors of b.
101
Suppose 30*g - 2132 + 662 = 0. What are the prime factors of g?
7
Let n(c) = -100*c + 48*c**2 - 31*c**2 + 34 - 13*c**2. What are the prime factors of n(33)?
2, 5, 109
List the prime factors of 103682/7 - (-20)/(-168)*6.
3, 4937
Suppose -6*f + 75*v - 76*v + 165675 = 0, -5*f + 2*v = -138071. What are the prime factors of f?
53, 521
Let w = 1078 - 741. Let k = 474 - w. What are the prime factors of (0 - 1 - 8/4) + k?
2, 67
Let o(p) = -169*p - 114. Let u be o(-6). What are the prime factors of ((-15)/9)/(3597/u + -4)?
2, 5
Let i = -24 + 29. Suppose -6*l + i = -7. What are the prime factors of l?
2
Let h = 925 + -838. Suppose 3*l + 157 = 2*l. Let p = h - l. What are the prime factors of p?
2, 61
Let l(q) = -7*q + 1. Let k(i) = 3*i - 1. Let n(s) = -7*k(s) - 4*l(s). Let x be n(9). List the prime factors of (16/(-6))/((-11)/x).
2
Let x(v) = 14*v + 23. Let a(h) = 13*h + 8. Let r(t) = 4*a(t) - 3*x(t). Suppose -4*q = -0 - 36. What are the prime factors of r(q)?
53
Let n be 524/3*(78/4)/13. Let x = n - 46. What are the prime factors of x?
2, 3
Suppose -i + 28 = 3*m, 40 = 6*m - m + 5*i. What are the prime factors of 18700/m*(-1)/(-2)?
5, 11, 17
Suppose -6*n = -3*n + 3, 0 = -3*f + 4*n + 757. Suppose -c + f = j - 120, -5*j = c - 1835. What are the prime factors of j?
2, 3, 61
Let l = -7316 - -34816. List the prime factors of l.
2, 5, 11
Suppose -18*v = -6*v - 118080. List the prime factors of ((-2)/(-5))/((-68874)/v - -7).
2, 41
Suppose -2*p = 5*y - 4643, -2*y + 11152 = 4*p + 1826. List the prime factors of p.
2, 3, 389
Suppose -4*i + 119*q - 122*q = -39299, 5*i - 49129 = -2*q. What are the prime factors of i?
31, 317
Let l be (27/(-9) - 3) + 2. What are the prime factors of (l - 10/(-4))*(-13864)/12?
1733
Let y be (8/20)/((3/10)/3). Let l be 28/10 + ((-4)/(-5))/y. Suppose -4*h = l*a - 2*h - 125, 0 = -a + 3*h + 38. What are the prime factors of a?
41
Let r = -133 + 159. Suppose v - 39 = r. What are the prime factors of v?
5, 13
Let w = -46 + 58. Suppose -10*x = -18 - w. Suppose x*d - 15 = 0, 0 = -3*h - 2*d - d + 198. List the prime factors of h.
61
Suppose 38 = -15*f - 22. What are the prime factors of (-42)/(-24)*f + 1050?
7, 149
Let l(u) = 10 - 18*u**2 - 63*u + 67*u + 58*u**2. List the prime factors of l(3).
2, 191
Let y = -23326 - -48390. What are the prime factors of y?
2, 13, 241
Let n(w) = -8*w**3 + 15*w**2 + 11*w**2 + 17*w**2 + 10*w**2 - 4 - 55*w**2. Suppose 2*y - y + 3 = 0. What are the prime factors of n(y)?
2, 97
Suppose -7482 + 1230 = -4*o. Suppose -6 = 2*x, -8*g = -3*g - x - o. What are the prime factors of g?
2, 3, 13
Let w(s) = 5*s**3 + 4*s**2 - 3*s - 20. Let p(l) = 4*l**3 + 4*l**2 - 4*l - 20. Let q(b) = -4*p(b) + 3*w(b). List the prime factors of q(-7).
2, 59
Let l(n) = 2*n - 15. Let k be l(8). Let t(j) = -83*j - 16. Let m(i) = 166*i + 36. Let s(x) = -2*m(x) - 5*t(x). What are the prime factors of s(k)?
7, 13
Let u be (7704/90)/((-2)/(-10)). Suppose -3*i + u = -208. Suppose -o = 2*x - 3*o - 80, 5*x - o - i = 0. List the prime factors of x.
43
Let j = 11441 - 4328. List the prime factors of j.
3, 2371
Let r(m) = -m**3 - 35*m**2 - 60*m - 279. List the prime factors of r(-48).
3, 3617
Let m = 148 + -383. Let t = 22 + m. Let l = 358 + t. What are the prime factors of l?
5, 29
Suppose -3*d = -3*g + 57, -5*g - 3*d - 2*d + 105 = 0. Suppose 6*z = g*z - 3192. List the prime factors of z.
2, 3, 19
Suppose -2*v = -4*j + 24, 2*v - 2*j = -3*v - 68. Let d = v + -2. Let i = 76 - d. What are the prime factors of i?
2, 23
Let p(a) = 188*a**3 + 2*a**2 - 4*a + 10. Let m be p(2). What are the prime factors of (48/(-96))/((-1)/m)?
757
Suppose 3*h = -4*g + 106 + 991, g + 746 = 2*h. Let f = 610 - h. What are the prime factors of f?
239
Suppose 0 = -37*l + 67*l - 325800. List the prime factors of l.
2, 3, 5, 181
Let h(q) = q + 2. Let k(t) = 6*t - 54. Let c be k(9). Let n be h(c). Suppose 0 = f - n*f + 4, -y + f + 55 = 0. What are the prime factors of y?
59
Suppose -8951 + 46758 = 7*c - 33649. What are the prime factors of c?
2, 11, 29
Suppose 40*k = -26311 - 10329. Let j = k - -2388. What are the prime factors of j?
2, 23
Let k = -12971 + 18388. List the prime factors of k.
5417
Let c be (70/105)/(2/(-3)). List the prime factors of ((-10)/8)/((10/3080)/c).
5, 7, 11
List the prime factors of (-8 - 7 - (-1301465)/33) + 2/3.
2, 7, 11
Let z be 0 + 9 - 5/1. Let c be (z + (-156)/9)*-3. Suppose c = u - 4*v, v + 2 = -0*v. List the prime factors of u.
2
Let l = 29706 - 14443. List the prime factors of l.
15263
Let g(v) = 202*v**3 + 3*v**2 - 413*v + 1610. List the prime factors of g(4).
2, 29, 223
Let z(w) = 132*w**2 + 5*w + 521. What are the prime factors of z(-13)?
2, 3, 7, 271
Suppose 41*z + 76412 = 48*z. List the prime factors of z.
2, 2729
Suppose 14025 = 11*v + 6*v. Let x = v - 462. List the prime factors of x.
3, 11
Let t be -4 - -28 - (-1 + -3 + 1). Let y be (-2)/3 - (-7416)/t. Let a = y + -156. List the prime factors of a.
2, 59
Suppose 0 = -7*f + 9*f. Suppose f = 4*x - u - 566, -2*x + 113 = -5*u - 161. Let q = x - 53. List the prime factors of q.
89
Let b = -21 - -36. Suppose 3*p - b = -3*l - 0*p, 4 = 5*l - 2*p. Suppose -5*n = r + 4, 37 = l*r - 4*n - 11. What are the prime factors of r?
2
Suppose m - 12*n + 13*n = 4, 2*m + 8 = 2*n. Suppose 78*h - 61*h - 5491 = m. List the prime factors of h.
17, 19
Let v be -6 + 10696/84*1*12. Suppose -l - 1530 = 40*m - 42*m, -3*l + v = 2*m. What are the prime factors of m?
2, 191
Let i(c) = -8*c**2 + 64*c + 5. Let b be i(8). Let q(o) = -o**2 - 26*o - 16. Let v(u) = -5*u - 3. Let p(t) = -2*q(t) + 11*v(t). List the prime factors of p(b).
2, 17
Suppose 5*c + 25 = 3*h, -14*c + 10 = -16*c. Let b(a) = 6*a**2 - 2*a + 167. What are the prime factors of b(h)?
167
Let h = 135 - 155. What are the prime factors of (-642 + 1)*5*4/h?
641
Let k(v) = 11*v**2 + 664*v - 86. What are the prime factors of k(55)?
69709
Let n = -1923 - 207. Let j = -1160 - n. What are the prime factors of j?
2, 5, 97
Let b be 3*(-2664)/27 + (-1)/(-1). Let r = 460 + b. What are the prime factors of r?
3, 5, 11
Suppose -89625 = -5*d + 2*f, -5*d + 10*d + f = 89625. What are the prime factors of d?
3, 5, 239
Suppose 3*z + 50978 - 4944 = 4*q, -2*z - 57546 = -5*q. What are the prime factors of q?
2, 5, 1151
Let y(l) = -4*l**2 + 21*l - 7 + 3*l**2 - 17. Let c be (-240)/640 - (0 + (-198)/16). List the prime factors of y(c).
2, 3, 7
Let o(n) = -3*n**3 - 5*n**2. Let z be o(-2). Suppose 5*x = r - 554 + 155, z*r - 1634 = x. List the prime fa